st the prime factors of 2550.
2, 3, 5, 17
What are the prime factors of 1335?
3, 5, 89
List the prime factors of 56892.
2, 3, 11, 431
What are the prime factors of 5779?
5779
List the prime factors of 17037.
3, 631
What are the prime factors of 2693?
2693
List the prime factors of 9774.
2, 3, 181
List the prime factors of 32105.
5, 6421
What are the prime factors of 37193?
13, 2861
List the prime factors of 285.
3, 5, 19
List the prime factors of 14107.
14107
List the prime factors of 38308.
2, 61, 157
List the prime factors of 75245.
5, 101, 149
List the prime factors of 22227.
3, 31, 239
What are the prime factors of 216?
2, 3
What are the prime factors of 632?
2, 79
List the prime factors of 502.
2, 251
What are the prime factors of 54624?
2, 3, 569
List the prime factors of 4275.
3, 5, 19
List the prime factors of 50230.
2, 5, 5023
What are the prime factors of 1241?
17, 73
List the prime factors of 9590.
2, 5, 7, 137
What are the prime factors of 798?
2, 3, 7, 19
What are the prime factors of 1778?
2, 7, 127
What are the prime factors of 1179?
3, 131
List the prime factors of 837.
3, 31
List the prime factors of 9944.
2, 11, 113
What are the prime factors of 20466?
2, 3, 379
List the prime factors of 939.
3, 313
List the prime factors of 756.
2, 3, 7
What are the prime factors of 11241?
3, 1249
List the prime factors of 1059.
3, 353
What are the prime factors of 1029?
3, 7
What are the prime factors of 8094?
2, 3, 19, 71
List the prime factors of 1713.
3, 571
List the prime factors of 67987.
67987
List the prime factors of 7286.
2, 3643
List the prime factors of 6963.
3, 11, 211
What are the prime factors of 14552?
2, 17, 107
List the prime factors of 12474.
2, 3, 7, 11
List the prime factors of 102969.
3, 17, 673
What are the prime factors of 30800?
2, 5, 7, 11
List the prime factors of 153389.
157, 977
What are the prime factors of 2251?
2251
List the prime factors of 14410.
2, 5, 11, 131
What are the prime factors of 186?
2, 3, 31
What are the prime factors of 2872?
2, 359
List the prime factors of 2282.
2, 7, 163
What are the prime factors of 92033?
92033
What are the prime factors of 3429?
3, 127
List the prime factors of 3301.
3301
List the prime factors of 500.
2, 5
What are the prime factors of 43377?
3, 19, 761
What are the prime factors of 394?
2, 197
What are the prime factors of 79312?
2, 4957
List the prime factors of 7796.
2, 1949
List the prime factors of 63920.
2, 5, 17, 47
What are the prime factors of 1023?
3, 11, 31
What are the prime factors of 34205?
5, 6841
What are the prime factors of 415?
5, 83
What are the prime factors of 28206?
2, 3, 1567
What are the prime factors of 47997?
3, 5333
What are the prime factors of 16769?
41, 409
List the prime factors of 4144.
2, 7, 37
List the prime factors of 14460.
2, 3, 5, 241
List the prime factors of 73804.
2, 18451
What are the prime factors of 408?
2, 3, 17
List the prime factors of 1631.
7, 233
List the prime factors of 24842.
2, 12421
List the prime factors of 3795.
3, 5, 11, 23
List the prime factors of 518.
2, 7, 37
List the prime factors of 294.
2, 3, 7
What are the prime factors of 103511?
103511
What are the prime factors of 2651?
11, 241
List the prime factors of 831.
3, 277
What are the prime factors of 1281?
3, 7, 61
What are the prime factors of 73344?
2, 3, 191
List the prime factors of 46744.
2, 5843
What are the prime factors of 977?
977
What are the prime factors of 6288?
2, 3, 131
What are the prime factors of 113487?
3, 11, 19, 181
What are the prime factors of 62543?
13, 17, 283
What are the prime factors of 5404?
2, 7, 193
List the prime factors of 4307.
59, 73
List the prime factors of 1742.
2, 13, 67
List the prime factors of 24356.
2, 6089
List the prime factors of 1145.
5, 229
What are the prime factors of 34367?
34367
List the prime factors of 2882.
2, 11, 131
List the prime factors of 15760.
2, 5, 197
What are the prime factors of 17343?
3, 41, 47
What are the prime factors of 925?
5, 37
List the prime factors of 1702.
2, 23, 37
List the prime factors of 2394.
2, 3, 7, 19
What are the prime factors of 9760?
2, 5, 61
List the prime factors of 168938.
2, 7, 11, 1097
List the prime factors of 133.
7, 19
List the prime factors of 33246.
2, 3, 1847
What are the prime factors of 2278?
2, 17, 67
What are the prime factors of 8786?
2, 23, 191
List the prime factors of 97970.
2, 5, 97, 101
List the prime factors of 1078.
2, 7, 11
List the prime factors of 30.
2, 3, 5
List the prime factors of 3293.
37, 89
What are the prime factors of 15443?
15443
What are the prime factors of 27833?
13, 2141
What are the prime factors of 694?
2, 347
What are the prime factors of 3418?
2, 1709
List the prime factors of 280.
2, 5, 7
What are the prime factors of 486?
2, 3
List the prime factors of 15965.
5, 31, 103
What are the prime factors of 2159?
17, 127
What are the prime factors of 72899?
269, 271
What are the prime factors of 50481?
3, 71, 79
What are the prime factors of 790?
2, 5, 79
What are the prime factors of 133?
7, 19
What are the prime factors of 75094?
2, 37547
List the prime factors of 32998.
2, 7, 2357
List the prime factors of 32628.
2, 3, 2719
What are the prime factors of 1510?
2, 5, 151
List the prime factors of 1514.
2, 757
What are the prime factors of 23229?
3, 29, 89
What are the prime factors of 1588?
2, 397
List the prime factors of 20167.
7, 43, 67
List the prime factors of 3164.
2, 7, 113
What are the prime factors of 16763?
16763
What are the prime factors of 1237?
1237
What are the prime factors of 3538?
2, 29, 61
What are the prime factors of 7235?
5, 1447
What are the prime factors of 34424?
2, 13, 331
List the prime factors of 3488.
2, 109
What are the prime factors of 146819?
146819
What are the prime factors of 424?
2, 53
List the prime factors of 5625.
3, 5
List the prime factors of 20463.
3, 19, 359
List the prime factors of 1307.
1307
What are the prime factors of 741?
3, 13, 19
What are the prime factors of 22664?
2, 2833
What are the prime factors of 21909?
3, 67, 109
What are the prime factors of 18999?
3, 2111
What are the prime factors of 2697?
3, 29, 31
What are the prime factors of 705?
3, 5, 47
What are the prime factors of 22195?
5, 23, 193
What are the prime factors of 162?
2, 3
List the prime factors of 23655.
3, 5, 19, 83
What are the prime factors of 1334?
2, 23, 29
What are the prime factors of 1175?
5, 47
List the prime factors of 2166.
2, 3, 19
What are the prime factors of 1444?
2, 19
List the prime factors of 30741.
3, 10247
List the prime factors of 75430.
2, 5, 19, 397
List the prime factors of 313.
313
What are the prime factors of 1397?
11, 127
List the prime factors of 251.
251
List the prime factors of 1863.
3, 23
What are the prime factors of 5033?
7, 719
List the prime factors of 75467.
7, 10781
List the prime factors of 2203.
2203
List the prime factors of 27184.
2, 1699
List the prime factors of 39948.
2, 3, 3329
What are the prime factors of 1856?
2, 29
List the prime factors of 726.
2, 3, 11
What are the prime factors of 1004?
2, 251
List the prime factors of 3329.
3329
List the prime factors of 21311.
101, 211
What are the prime factors of 20818?
2, 7, 1487
List the prime factors of 300.
2, 3, 5
List the prime factors of 89980.
2, 5, 11, 409
What are the prime factors of 4041?
3, 449
List the prime factors of 25640.
2, 5, 641
What are the prime factors of 17031?
3, 7, 811
What are the prime factors of 2310?
2, 3, 5, 7, 11
List the prime factors of 7111.
13, 547
What are the prime factors of 759?
3, 11, 23
List the prime factors of 2853.
3, 317
What are the prime factors of 8005?
5, 1601
List the prime factors of 133939.
13, 10303
What are the prime factors of 38211?
3, 47, 271
List the prime factors of 17368.
2, 13, 167
List the prime factors of 101876.
2, 25469
List the prime factors of 1914.
2, 3, 11, 29
List the prime factors of 14113.
11, 1283
What are the prime factors of 101307?
3, 33769
What are the prime factors of 1873?
1873
List the prime factors of 12714.
2, 3, 13, 163
List the prime factors of 20771.
20771
What are the prime factors of 14119?
7, 2017
List the prime factors of 9648.
2, 3, 67
What are the prime factors of 23065?
5, 7, 659
What are the prime factors of 6309?
3, 701
List th